t b be (k - (-21)/15)*-10. Let s(g) = g**2 + 3*g - 3. What is the units digit of s(b)?
1
Let w = -10 - -6. What is the tens digit of 35*(-1 + (-8)/w)?
3
Let k be 3/3*0 + -1. Let j(x) = -x**3 - x**2 + 1. Let g be j(k). Let h = 4 + g. What is the units digit of h?
5
Let b = 0 - -3. Suppose -3*j - 4*t = 2*j - 30, 4*j = -b*t + 23. What is the units digit of j?
2
Let g be ((-1)/2)/(2/(-8)). Let a = -1 + g. What is the units digit of a?
1
Let v be 3/(-2)*(-4)/3. Suppose -v*i + 2*o = -20 - 2, 0 = -3*o. What is the tens digit of i?
1
What is the units digit of (-2)/8 + 1155/28?
1
Suppose -1 = 2*a - 3. Let w be a - -1 - (0 + 1). What is the units digit of (1/((-3)/(-3)))/w?
1
What is the units digit of 8/(0 + 2) + 58?
2
Let c(g) = g**3 + 7*g**2 - 2*g - 6. What is the units digit of c(-6)?
2
Suppose -10*w + 212 = -1048. What is the tens digit of w?
2
What is the units digit of ((-2)/5)/(11/(-110))?
4
Let k(b) = -2*b - 1. Let o be k(-2). Suppose 0 = -o*n + 2*f + 107, -5*f + 98 = 2*n - 5. What is the units digit of n?
9
Let b(f) = -2*f + 4. Let t be b(5). Let j(r) = -r**2 - 10*r - 9. Let k be j(t). Suppose k = 4*u - 17. What is the units digit of u?
8
Let a = 19 + -12. Let k = a - 2. What is the units digit of k?
5
Let x(s) be the second derivative of 7*s**6/360 + s**3/2 + 4*s. Let t(c) be the second derivative of x(c). What is the units digit of t(1)?
7
Let f(w) be the third derivative of w**5/60 + 7*w**4/24 + 2*w**3/3 - 2*w**2. Let p be f(-6). What is the tens digit of (p - (0 + -1)) + 11?
1
Suppose -5*t + 5*y + 140 = 0, 5*y + 52 = 4*t - 56. What is the tens digit of t?
3
Let p(u) = u**2 - 2*u + 182. What is the units digit of p(0)?
2
Let h be 18/2 - (2 - 4). Let x = 22 - h. Let z = -6 + x. What is the units digit of z?
5
Suppose 4*s + c - 3*c - 252 = 0, 313 = 5*s - 2*c. What is the tens digit of s?
6
What is the units digit of 6*(-2 - 6/(-2))?
6
Let r = 175 + -301. What is the units digit of (r/3)/(-2) + -2?
9
Let q(h) = -h. Let a be q(-3). Suppose a*j - 40 = -j. What is the tens digit of j?
1
Suppose -4*f - 42 = -2*g, -4*f - 30 = 3*g + 27. Let r be 5/3 + (-4)/f. Suppose z - 3*c = 1, -12 = -r*z + 2*c - 2. What is the units digit of z?
7
Suppose -9*g + 4*g = -20. What is the units digit of g?
4
Let r = -13 + 29. Suppose -4*o + 26 - 9 = z, 3*o = -4*z + r. Suppose o*q = 4*m - 32, -4*m + 0*m + 5*q = -31. What is the units digit of m?
9
Let d be -1 + 3 + -2 + 3. Suppose -6*u + d*u = 0. Suppose r + u*r - 14 = 0. What is the units digit of r?
4
Suppose 0*g = -5*g + 3*t + 8, -6 = -2*g + 4*t. What is the units digit of g/((-7)/(-6) - 1)?
6
Let y(o) be the first derivative of o**6/360 + o**4/24 - o**3/3 + 2. Let f(x) be the third derivative of y(x). What is the units digit of f(-2)?
5
What is the tens digit of 488/14 - 1/(-7)?
3
Let c(u) = -4*u**2 - 1. Let v be c(-2). Let z = v + 21. What is the units digit of z?
4
Suppose -30 = -5*b + 5*l, 20 = 2*b - 4*l - 2. Let a = b - -2. What is the units digit of a?
3
What is the tens digit of ((-798)/63)/((-2)/15)?
9
Suppose 2*s - 6 = 0, -2*q - s = -3*s - 708. What is the units digit of q?
7
Suppose 0*c - 7*c = -84. What is the tens digit of c?
1
Let t = 254 - 119. Suppose 3*c + 5*w - 81 = 0, -2*c + w + t = 3*c. What is the tens digit of c?
2
Suppose 0 = 4*a - 8*a + 36. Let r be 3*(1 - -2)/a. What is the units digit of 0 + r - -4 - 3?
2
Suppose 2*q - 166 = -2*r, q - 2*q + 411 = 5*r. What is the units digit of r?
2
What is the units digit of (116 - -1) + (4 - 4)*1?
7
Let w(v) = -v**2 - 2*v + 1. Let y be -2 - ((1 - 2) + 3). Let r be w(y). Let d = -6 - r. What is the units digit of d?
1
Suppose -3*s - 75 = -3*x - 2*x, -x + 63 = -3*s. Suppose -36 = 2*c + 2*c. Let a = c - s. What is the units digit of a?
1
Let l be 1*-1*(8 - 3). Let o = l + 8. What is the units digit of o?
3
Let z(f) be the second derivative of -f**4/12 - f**3 + f**2 - 3*f. Let u be z(-6). What is the units digit of 1*((12 - u) + 1)?
1
Suppose -4*u = -2*u + 6. Let t be -3 - (u + (0 - -2)). What is the units digit of (-4 - t) + (9 - 0)?
7
Let q be (-38)/(-9) - 4/18. Let a(f) be the second derivative of -f**4/12 + 2*f**3/3 + f**2/2 + 3*f. What is the units digit of a(q)?
1
Suppose 4*s + 155 = 391. What is the units digit of s?
9
Let q(o) = o**3 + 3*o**2 - 2*o - 2. Let h be q(-2). Suppose 4*n = -0*i - i - h, -4*i = 3*n - 15. What is the units digit of i?
6
Let b(a) = a + 115. What is the tens digit of b(0)?
1
Suppose 25 = 5*i - 4*i. What is the units digit of i?
5
Let s(f) = f - 10. Let a(g) = g - 1. Let m(n) = 2*a(n) - s(n). Let l be m(-4). Suppose 3 = -l*b + 11. What is the units digit of b?
2
Let r = 49 - 29. What is the units digit of (r/(-3))/((-2)/6)?
0
Let a(f) be the third derivative of f**4/24 - 2*f**3/3 + 2*f**2. What is the units digit of a(11)?
7
Suppose -4*b + 212 = -0*b. What is the tens digit of b?
5
Suppose 4*k = -0*k + 16. Let n = -21 - -23. Suppose n*d = -0*d, -48 = -k*s + 3*d. What is the units digit of s?
2
Suppose -821 = -10*v + 1909. What is the hundreds digit of v?
2
Let q(l) = l**3 - 7*l**2 + 6*l + 5. Let y be q(6). Suppose -y*t + t + 100 = 0. What is the tens digit of t?
2
Let q be ((-8)/(-5))/(4/30). What is the tens digit of q/30 - (-73)/5?
1
Suppose 246 = 4*l + 2*l. What is the tens digit of l?
4
Suppose 32*i = 30*i + 70. What is the tens digit of i?
3
Suppose 2*t - 42 = 598. What is the hundreds digit of t?
3
Suppose 0 = 3*x - 15, 5*y - 3*x = -6*x + 385. What is the units digit of y?
4
Let h = 9 - 4. Suppose 13 = -h*z + 3. Let d = 0 - z. What is the units digit of d?
2
Suppose 850 - 58 = 4*c. What is the tens digit of c?
9
Suppose 0 = 5*h - 4 - 16, 3*n + 17 = 5*h. Suppose -2*c = -1 - n. What is the units digit of c?
1
Let y(j) = -j**3 - 12*j**2 + j - 6. Let o be y(-11). Let q be 4/(-14) + o/(-42). Suppose q*d = -2*d + 70. What is the tens digit of d?
1
Let t(f) = -4*f**2 - 2*f - 4. Let n be t(-3). Let y = 47 + n. What is the tens digit of y?
1
Let o(q) = -q + 6. Let y be o(6). Suppose 2*p + 3*u - 15 = 0, 4*p + 0*u + 3*u - 15 = y. Suppose -2*i - 1 + 5 = p. What is the units digit of i?
2
Suppose 0 = 2*v - t - 29, -3*v - 11 = -t - 57. Suppose -5*j - v = -222. What is the units digit of j?
1
Suppose 0 = 2*a - h - 6, 0 = -0*a + 4*a - h - 12. Suppose 0 = -3*m - 6, -3*o + a*m + 21 = 2*o. Suppose -o*t = -22 - 47. What is the tens digit of t?
2
Let v(s) = s**2 - 4. Let q be v(-3). Let j = -12 + q. Let x(i) = i**2 + 5*i - 9. What is the units digit of x(j)?
5
Let a be 4*1*(5 - 0). Suppose -a = 5*v + 5. Let h = v - -7. What is the units digit of h?
2
Suppose 2*h = 9 + 3. What is the units digit of h?
6
Suppose 0 = 3*y - 2*f - 133, y - 5*y = -2*f - 178. What is the tens digit of y?
4
Suppose 0*k - 3*l = -5*k + 37, 3*l = 4*k - 29. Suppose i + k = -1. Let b = i + 22. What is the units digit of b?
3
Let x = -8 - -18. What is the units digit of ((-10)/(-4) + -1)*x?
5
Suppose 3*t = 6*t - 93. Let z = t - 14. What is the units digit of z?
7
Suppose -3*g + 7*g - 472 = 0. What is the units digit of g?
8
Suppose -s - 3 = -0*s. What is the units digit of (-44 - 4)*-1 - s?
1
Let y = 119 + -71. What is the units digit of y?
8
Let z = -9 - -17. Let f = z - 1. What is the units digit of f?
7
Suppose -112 - 533 = -5*g. What is the units digit of g?
9
Let l be 1 + (-1 - 0) + 5. Let v = -51 - -53. Suppose -f - 34 = -4*t, 12 = v*t - l*f - 14. What is the units digit of t?
8
Suppose 7*o - 15*o = -312. What is the tens digit of o?
3
What is the tens digit of 2*(1 - (-255)/6)?
8
Let k(t) = t**2 - 19*t - 62. What is the units digit of k(-7)?
0
Let w(s) = -34*s + 14. Let q be w(-6). What is the tens digit of q/8 - (-2)/(-8)?
2
Let d = -22 - -15. Let a = 2 - 3. Let u = a - d. What is the units digit of u?
6
Let n(d) = -d - 2. Let u be n(-5). Suppose 0 = 5*w - 5*p + 10, -w + 20 = w + 4*p. Suppose -t + i - 3 = 0, -w*t + 2 - u = -i. What is the units digit of t?
2
Suppose 2*y - 8 = -2. Suppose 2*l = -y*u + 4*l, -5*u + l = 0. What is the tens digit of (-11 + -2 + u)*-1?
1
Let o = -17 + 16. What is the tens digit of 32/1 + o + -2?
2
Suppose -4*z = z + 20. Let f = -1 - z. What is the units digit of f?
3
Let k = -15 - -29. What is the units digit of k?
4
Let c = -13 + 27. What is the units digit of c?
4
Let w(p) = p**3 - 8*p**2 + 3*p - 8. Let v be w(8). Let b = v - 11. Wh